 1940074.
1462
Calculate the greatest common factor of 3667 and 708603746.
3667
Calculate the greatest common divisor of 93034 and 2606581.
181
Calculate the greatest common divisor of 189232592 and 736.
368
What is the greatest common factor of 79180 and 2210620?
2140
What is the greatest common factor of 2377 and 1283924665?
2377
What is the highest common divisor of 11771 and 78289?
79
What is the highest common factor of 77 and 101508484?
77
What is the greatest common factor of 1194474 and 43584?
1362
What is the highest common factor of 43105 and 445?
5
Calculate the highest common factor of 30804 and 1020.
204
What is the highest common divisor of 65619 and 13302?
9
What is the greatest common factor of 30 and 2326152?
6
Calculate the highest common factor of 6801848 and 604732.
5548
Calculate the greatest common divisor of 172368 and 35749336.
1064
Calculate the greatest common factor of 615539802 and 177.
177
Calculate the greatest common divisor of 2312672 and 12800.
32
What is the greatest common divisor of 2986665 and 2695?
55
What is the greatest common factor of 1901030 and 1290?
430
Calculate the highest common divisor of 1308125800 and 40.
40
What is the highest common divisor of 351 and 4288401?
117
What is the highest common divisor of 4 and 178677248?
4
Calculate the greatest common divisor of 529696 and 41264.
16
Calculate the greatest common factor of 442 and 2828176.
26
What is the highest common factor of 12344 and 3760291?
1543
What is the greatest common divisor of 2157843 and 3?
3
Calculate the highest common divisor of 105 and 8870655.
15
Calculate the highest common divisor of 111162 and 284792.
194
Calculate the highest common factor of 328194 and 2340.
18
Calculate the greatest common factor of 343961152 and 956.
956
Calculate the highest common factor of 199960879 and 129.
43
What is the highest common divisor of 15302 and 17206?
14
What is the greatest common factor of 20472 and 42310506?
5118
Calculate the greatest common factor of 531832 and 216.
8
What is the greatest common divisor of 6302 and 4006324?
46
Calculate the greatest common factor of 2794282 and 12752.
1594
What is the greatest common divisor of 38628151 and 3?
1
Calculate the greatest common divisor of 55548284 and 44.
44
What is the highest common factor of 26891592 and 58047?
5277
What is the highest common divisor of 6380 and 241731820?
6380
What is the greatest common factor of 36 and 11480202?
18
What is the greatest common divisor of 532 and 6196260?
28
Calculate the highest common factor of 868722 and 36314.
134
What is the highest common divisor of 2920 and 63538616?
584
Calculate the highest common divisor of 10894 and 3451266.
26
Calculate the highest common factor of 779177192 and 1565.
313
Calculate the highest common factor of 686874590 and 2840.
710
What is the greatest common factor of 460822 and 11227?
103
Calculate the greatest common divisor of 11008 and 40291.
43
Calculate the highest common factor of 4682538 and 348.
6
Calculate the greatest common factor of 5841 and 29658651.
1947
What is the greatest common factor of 10840003 and 771?
257
What is the greatest common factor of 15725024 and 128?
32
Calculate the greatest common factor of 621 and 663429825.
621
Calculate the greatest common divisor of 4343850 and 42434.
98
Calculate the greatest common factor of 606022560 and 5346.
5346
Calculate the greatest common factor of 104 and 21448232.
104
Calculate the highest common factor of 4238790 and 150.
30
Calculate the highest common factor of 24 and 265698924.
12
What is the highest common factor of 39923328 and 22656?
384
What is the highest common factor of 22943448 and 708?
708
Calculate the highest common divisor of 1622912 and 904704.
3968
Calculate the greatest common divisor of 16226 and 1233974.
266
Calculate the greatest common factor of 4029320 and 60.
20
Calculate the greatest common divisor of 74182 and 60552.
58
Calculate the highest common divisor of 97052718 and 114534.
4242
Calculate the highest common factor of 5082 and 20982.
6
What is the highest common factor of 153 and 6349689?
9
Calculate the highest common divisor of 1433641 and 8083.
59
What is the greatest common divisor of 6077470 and 47530?
490
What is the highest common factor of 17777450 and 175?
25
Calculate the greatest common divisor of 7975816 and 48.
8
What is the highest common factor of 1029 and 262248?
147
What is the highest common factor of 5652 and 29628?
36
What is the highest common divisor of 407 and 74125319?
37
What is the greatest common factor of 27459 and 1284471?
3051
Calculate the highest common factor of 5664 and 3363.
177
Calculate the greatest common factor of 59271 and 99843.
69
What is the greatest common factor of 36 and 3788658?
18
Calculate the highest common divisor of 20 and 1610708.
4
Calculate the greatest common factor of 1430 and 2568625.
5
Calculate the highest common factor of 1140 and 100788.
12
What is the greatest common divisor of 48880 and 107360?
80
Calculate the greatest common divisor of 254234 and 107869.
401
What is the greatest common factor of 108907326 and 175725?
7029
What is the greatest common divisor of 75 and 21122175?
75
Calculate the greatest common divisor of 5461430 and 21586.
86
What is the greatest common divisor of 11989670 and 308?
154
Calculate the greatest common divisor of 792 and 76872.
24
Calculate the highest common divisor of 164457 and 15894.
9
What is the greatest common divisor of 216 and 12939966?
54
Calculate the greatest common divisor of 12309160 and 10175.
185
What is the greatest common divisor of 132358464 and 5440?
1088
Calculate the greatest common factor of 3024402 and 1037.
17
Calculate the greatest common factor of 700541 and 506769.
251
What is the greatest common divisor of 284 and 830116522?
142
What is the highest common divisor of 1776 and 3837936?
1776
Calculate the greatest common divisor of 11782 and 39947.
43
What is the highest common divisor of 399269 and 120?
1
What is the highest common divisor of 65726410 and 690?
230
What is the highest common divisor of 356 and 157778488?
356
Calculate the highest common factor of 990 and 41363190.
990
Calculate the highest common factor of 9736 and 1317261328.
9736
Calculate the greatest common divisor of 2467061373 and 581.
581
Calculate the greatest common divisor of 3076021408 and 8936.
8936
What is the highest common divisor of 430338 and 1071?
51
Calculate the highest common divisor of 41100124 and 676.
676
What is the highest common factor of 1645050 and 225322?
1994
What is the highest common factor of 431743 and 325?
13
Calculate the greatest common factor of 118316804 and 68.
68
Calculate the greatest common divisor of 19550096 and 7120.
1424
Calculate the greatest common factor of 979 and 521629.
89
What is the greatest common divisor of 408788393 and 949?
949
What is the highest common divisor of 2356 and 37411?
19
What is the highest common divisor of 459756 and 101652?
516
What is the greatest common factor of 43133609 and 8310?
277
What is the highest common divisor of 26854 and 65424?
58
What is the greatest common divisor of 16306 and 1052526?
526
What is the highest common divisor of 639979 and 1027?
79
Calculate the highest common factor of 795172 and 2744.
196
What is the greatest common factor of 5736 and 88715844?
2868
What is the highest common factor of 1427 and 5523917?
1427
What is the greatest common factor of 6 and 2120618?
2
What is the greatest common divisor of 39 and 145011?
3
Calculate the highest common divisor of 1 and 553638.
1
What is the highest common divisor of 139054345 and 5?
5
Calculate the highest common factor of 1203 and 194438484.
1203
What is the highest common factor of 1794 and 278458401?
897
Calculate the highest common factor of 54 and 39667212.
54
Calculate the greatest common factor of 214 and 2948264518.
214
What is the highest common factor of 1430 and 783250?
130
What is the greatest common factor of 117 and 90556232?
13
What is the greatest common divisor of 10457488 and 3856?
16
Calculate the highest common divisor of 192480 and 3670.
10
What is the highest common factor of 475651332 and 1230?
246
Calculate the highest common factor of 108 and 2969082.
